{"id":20662,"date":"2026-04-23T17:59:53","date_gmt":"2026-04-23T17:59:53","guid":{"rendered":"https:\/\/turismobotanico.es\/?post_type=product&#038;p=20662"},"modified":"2026-04-23T18:12:21","modified_gmt":"2026-04-23T18:12:21","slug":"albacete-descanso-del-jucar","status":"publish","type":"product","link":"https:\/\/turismobotanico.es\/en\/albacete-descanso-del-jucar\/","title":{"rendered":"ALBACETE: El descanso del J\u00facar |  Entre la Serran\u00eda y La Mancha"},"content":{"rendered":"<p><strong>Senderismo interpretativo en torno a la Hoz del J\u00facar en Valdeganga de Cuenca<\/strong><\/p>\n<p><span style=\"color: #800000;\">10 de mayo de 2026<\/span><\/p>\n<p><span style=\"color: #800000;\">Salida de Albacete desde la fuente del parque (Avenida de Espa\u00f1a) a las 7.30 h<\/span><\/p>\n<p>11,00 km | Dificultad baja<\/p>\n<p>Desnivel de subida \/ bajada +75 m -70 m<\/p>\n<p>El precio incluye bus desde Albacete, gu\u00eda\/s de naturaleza y seguros.<br \/>\nPor la tarde, visita al yacimiento romano de Valeria (opcional).<\/p>\n<p>NECESARIA RESERVA, PLAZAS LIMITADAS.<\/p>\n<p>Puedes reservar por Whatsapp en el 627190409 o en el correo albacete@turismobotanico.es<\/p>\n<p><a href=\"https:\/\/turismobotanico.es\/en\/politica-de-cancelaciones\/\" target=\"_blank\" rel=\"noopener\">PUEDES CONSULTAR AQU\u00cd NUESTRA POL\u00cdTICA COMPLETA DE CANCELACIONES<\/a><\/p>","protected":false},"excerpt":{"rendered":"<p>Senderismo interpretativo en torno a la Hoz del J\u00facar en Valdeganga de Cuenca 10 de mayo de 2026 Salida de Albacete desde la fuente del parque (Avenida de Espa\u00f1a) a [&hellip;]<\/p>\n","protected":false},"featured_media":20663,"comment_status":"closed","ping_status":"closed","template":"","meta":[],"product_brand":[],"product_cat":[54,45,60,59],"product_tag":[],"class_list":{"0":"post-20662","1":"product","2":"type-product","3":"status-publish","4":"has-post-thumbnail","6":"product_cat-albacete","7":"product_cat-destinos-por-region","8":"product_cat-excursiones-y-actividades-de-un-dia","9":"product_cat-tipos-de-actividades","11":"first","12":"instock","13":"virtual","14":"purchasable","15":"product-type-simple"},"yoast_head":"<!-- This site is optimized with the Yoast SEO plugin v27.4 - https:\/\/yoast.com\/product\/yoast-seo-wordpress\/ -->\n<title>ALBACETE: El descanso del J\u00facar | Entre la Serran\u00eda y La Mancha - Turismo Bot\u00e1nico<\/title>\n<meta name=\"robots\" content=\"index, follow, max-snippet:-1, max-image-preview:large, max-video-preview:-1\" \/>\n<link rel=\"canonical\" href=\"https:\/\/turismobotanico.es\/en\/albacete-descanso-del-jucar\/\" \/>\n<meta property=\"og:locale\" content=\"en_US\" \/>\n<meta property=\"og:type\" content=\"article\" \/>\n<meta property=\"og:title\" content=\"ALBACETE: El descanso del J\u00facar | Entre la Serran\u00eda y La Mancha - Turismo Bot\u00e1nico\" \/>\n<meta property=\"og:description\" content=\"Senderismo interpretativo en torno a la Hoz del J\u00facar en Valdeganga de Cuenca 10 de mayo de 2026 Salida de Albacete desde la fuente del parque (Avenida de Espa\u00f1a) a [&hellip;]\" \/>\n<meta property=\"og:url\" content=\"https:\/\/turismobotanico.es\/en\/albacete-descanso-del-jucar\/\" \/>\n<meta property=\"og:site_name\" content=\"Turismo Bot\u00e1nico\" \/>\n<meta property=\"article:modified_time\" content=\"2026-04-23T18:12:21+00:00\" \/>\n<meta property=\"og:image\" content=\"https:\/\/turismobotanico.es\/wp-content\/uploads\/2026\/04\/Cartel-Jucar-medio-1024x1024.png\" \/>\n\t<meta property=\"og:image:width\" content=\"1024\" \/>\n\t<meta property=\"og:image:height\" content=\"1024\" \/>\n\t<meta property=\"og:image:type\" content=\"image\/png\" \/>\n<meta name=\"twitter:card\" content=\"summary_large_image\" \/>\n<meta name=\"twitter:label1\" content=\"Est. reading time\" \/>\n\t<meta name=\"twitter:data1\" content=\"1 minute\" \/>\n<script type=\"application\/ld+json\" class=\"yoast-schema-graph\">{\"@context\":\"https:\\\/\\\/schema.org\",\"@graph\":[{\"@type\":\"WebPage\",\"@id\":\"https:\\\/\\\/turismobotanico.es\\\/albacete-descanso-del-jucar\\\/\",\"url\":\"https:\\\/\\\/turismobotanico.es\\\/albacete-descanso-del-jucar\\\/\",\"name\":\"ALBACETE: El descanso del J\u00facar | Entre la Serran\u00eda y La Mancha - Turismo Bot\u00e1nico\",\"isPartOf\":{\"@id\":\"https:\\\/\\\/turismobotanico.es\\\/#website\"},\"primaryImageOfPage\":{\"@id\":\"https:\\\/\\\/turismobotanico.es\\\/albacete-descanso-del-jucar\\\/#primaryimage\"},\"image\":{\"@id\":\"https:\\\/\\\/turismobotanico.es\\\/albacete-descanso-del-jucar\\\/#primaryimage\"},\"thumbnailUrl\":\"https:\\\/\\\/turismobotanico.es\\\/wp-content\\\/uploads\\\/2026\\\/04\\\/Cartel-Jucar-medio.png\",\"datePublished\":\"2026-04-23T17:59:53+00:00\",\"dateModified\":\"2026-04-23T18:12:21+00:00\",\"breadcrumb\":{\"@id\":\"https:\\\/\\\/turismobotanico.es\\\/albacete-descanso-del-jucar\\\/#breadcrumb\"},\"inLanguage\":\"en-US\",\"potentialAction\":[{\"@type\":\"ReadAction\",\"target\":[\"https:\\\/\\\/turismobotanico.es\\\/albacete-descanso-del-jucar\\\/\"]}]},{\"@type\":\"ImageObject\",\"inLanguage\":\"en-US\",\"@id\":\"https:\\\/\\\/turismobotanico.es\\\/albacete-descanso-del-jucar\\\/#primaryimage\",\"url\":\"https:\\\/\\\/turismobotanico.es\\\/wp-content\\\/uploads\\\/2026\\\/04\\\/Cartel-Jucar-medio.png\",\"contentUrl\":\"https:\\\/\\\/turismobotanico.es\\\/wp-content\\\/uploads\\\/2026\\\/04\\\/Cartel-Jucar-medio.png\",\"width\":2480,\"height\":2292},{\"@type\":\"BreadcrumbList\",\"@id\":\"https:\\\/\\\/turismobotanico.es\\\/albacete-descanso-del-jucar\\\/#breadcrumb\",\"itemListElement\":[{\"@type\":\"ListItem\",\"position\":1,\"name\":\"Portada\",\"item\":\"https:\\\/\\\/turismobotanico.es\\\/\"},{\"@type\":\"ListItem\",\"position\":2,\"name\":\"Tienda\",\"item\":\"https:\\\/\\\/turismobotanico.es\\\/tienda\\\/\"},{\"@type\":\"ListItem\",\"position\":3,\"name\":\"ALBACETE: El descanso del J\u00facar | Entre la Serran\u00eda y La Mancha\"}]},{\"@type\":\"WebSite\",\"@id\":\"https:\\\/\\\/turismobotanico.es\\\/#website\",\"url\":\"https:\\\/\\\/turismobotanico.es\\\/\",\"name\":\"Turismo Bot\u00e1nico\",\"description\":\"Turismo de naturaleza\",\"potentialAction\":[{\"@type\":\"SearchAction\",\"target\":{\"@type\":\"EntryPoint\",\"urlTemplate\":\"https:\\\/\\\/turismobotanico.es\\\/?s={search_term_string}\"},\"query-input\":{\"@type\":\"PropertyValueSpecification\",\"valueRequired\":true,\"valueName\":\"search_term_string\"}}],\"inLanguage\":\"en-US\"}]}<\/script>\n<!-- \/ Yoast SEO plugin. -->","yoast_head_json":{"title":"ALBACETE: El descanso del J\u00facar | Entre la Serran\u00eda y La Mancha - Turismo Bot\u00e1nico","robots":{"index":"index","follow":"follow","max-snippet":"max-snippet:-1","max-image-preview":"max-image-preview:large","max-video-preview":"max-video-preview:-1"},"canonical":"https:\/\/turismobotanico.es\/en\/albacete-descanso-del-jucar\/","og_locale":"en_US","og_type":"article","og_title":"ALBACETE: El descanso del J\u00facar | Entre la Serran\u00eda y La Mancha - Turismo Bot\u00e1nico","og_description":"Senderismo interpretativo en torno a la Hoz del J\u00facar en Valdeganga de Cuenca 10 de mayo de 2026 Salida de Albacete desde la fuente del parque (Avenida de Espa\u00f1a) a [&hellip;]","og_url":"https:\/\/turismobotanico.es\/en\/albacete-descanso-del-jucar\/","og_site_name":"Turismo Bot\u00e1nico","article_modified_time":"2026-04-23T18:12:21+00:00","og_image":[{"width":1024,"height":1024,"url":"https:\/\/turismobotanico.es\/wp-content\/uploads\/2026\/04\/Cartel-Jucar-medio-1024x1024.png","type":"image\/png"}],"twitter_card":"summary_large_image","twitter_misc":{"Est. reading time":"1 minute"},"schema":{"@context":"https:\/\/schema.org","@graph":[{"@type":"WebPage","@id":"https:\/\/turismobotanico.es\/albacete-descanso-del-jucar\/","url":"https:\/\/turismobotanico.es\/albacete-descanso-del-jucar\/","name":"ALBACETE: El descanso del J\u00facar | Entre la Serran\u00eda y La Mancha - Turismo Bot\u00e1nico","isPartOf":{"@id":"https:\/\/turismobotanico.es\/#website"},"primaryImageOfPage":{"@id":"https:\/\/turismobotanico.es\/albacete-descanso-del-jucar\/#primaryimage"},"image":{"@id":"https:\/\/turismobotanico.es\/albacete-descanso-del-jucar\/#primaryimage"},"thumbnailUrl":"https:\/\/turismobotanico.es\/wp-content\/uploads\/2026\/04\/Cartel-Jucar-medio.png","datePublished":"2026-04-23T17:59:53+00:00","dateModified":"2026-04-23T18:12:21+00:00","breadcrumb":{"@id":"https:\/\/turismobotanico.es\/albacete-descanso-del-jucar\/#breadcrumb"},"inLanguage":"en-US","potentialAction":[{"@type":"ReadAction","target":["https:\/\/turismobotanico.es\/albacete-descanso-del-jucar\/"]}]},{"@type":"ImageObject","inLanguage":"en-US","@id":"https:\/\/turismobotanico.es\/albacete-descanso-del-jucar\/#primaryimage","url":"https:\/\/turismobotanico.es\/wp-content\/uploads\/2026\/04\/Cartel-Jucar-medio.png","contentUrl":"https:\/\/turismobotanico.es\/wp-content\/uploads\/2026\/04\/Cartel-Jucar-medio.png","width":2480,"height":2292},{"@type":"BreadcrumbList","@id":"https:\/\/turismobotanico.es\/albacete-descanso-del-jucar\/#breadcrumb","itemListElement":[{"@type":"ListItem","position":1,"name":"Portada","item":"https:\/\/turismobotanico.es\/"},{"@type":"ListItem","position":2,"name":"Tienda","item":"https:\/\/turismobotanico.es\/tienda\/"},{"@type":"ListItem","position":3,"name":"ALBACETE: El descanso del J\u00facar | Entre la Serran\u00eda y La Mancha"}]},{"@type":"WebSite","@id":"https:\/\/turismobotanico.es\/#website","url":"https:\/\/turismobotanico.es\/","name":"Turismo Bot\u00e1nico","description":"Turismo de naturaleza","potentialAction":[{"@type":"SearchAction","target":{"@type":"EntryPoint","urlTemplate":"https:\/\/turismobotanico.es\/?s={search_term_string}"},"query-input":{"@type":"PropertyValueSpecification","valueRequired":true,"valueName":"search_term_string"}}],"inLanguage":"en-US"}]}},"_links":{"self":[{"href":"https:\/\/turismobotanico.es\/en\/wp-json\/wp\/v2\/product\/20662","targetHints":{"allow":["GET"]}}],"collection":[{"href":"https:\/\/turismobotanico.es\/en\/wp-json\/wp\/v2\/product"}],"about":[{"href":"https:\/\/turismobotanico.es\/en\/wp-json\/wp\/v2\/types\/product"}],"replies":[{"embeddable":true,"href":"https:\/\/turismobotanico.es\/en\/wp-json\/wp\/v2\/comments?post=20662"}],"version-history":[{"count":1,"href":"https:\/\/turismobotanico.es\/en\/wp-json\/wp\/v2\/product\/20662\/revisions"}],"predecessor-version":[{"id":20664,"href":"https:\/\/turismobotanico.es\/en\/wp-json\/wp\/v2\/product\/20662\/revisions\/20664"}],"wp:featuredmedia":[{"embeddable":true,"href":"https:\/\/turismobotanico.es\/en\/wp-json\/wp\/v2\/media\/20663"}],"wp:attachment":[{"href":"https:\/\/turismobotanico.es\/en\/wp-json\/wp\/v2\/media?parent=20662"}],"wp:term":[{"taxonomy":"product_brand","embeddable":true,"href":"https:\/\/turismobotanico.es\/en\/wp-json\/wp\/v2\/product_brand?post=20662"},{"taxonomy":"product_cat","embeddable":true,"href":"https:\/\/turismobotanico.es\/en\/wp-json\/wp\/v2\/product_cat?post=20662"},{"taxonomy":"product_tag","embeddable":true,"href":"https:\/\/turismobotanico.es\/en\/wp-json\/wp\/v2\/product_tag?post=20662"}],"curies":[{"name":"wp","href":"https:\/\/api.w.org\/{rel}","templated":true}]}}

ALBACETE: El descanso del Júcar |  Entre la Serranía y La Mancha

<p><strong>Senderismo interpretativo en torno a la Hoz del Júcar en Valdeganga de Cuenca</strong></p>
<p><span style="color: #800000;">10 de mayo de 2026</span></p>
<p><span style="color: #800000;">Salida de Albacete desde la fuente del parque (Avenida de España) a las 7.30 h</span></p>
<p>11,00 km | Dificultad baja</p>
<p>Desnivel de subida / bajada +75 m -70 m</p>
<p>El precio incluye bus desde Albacete, guía/s de naturaleza y seguros.<br />
Por la tarde, visita al yacimiento romano de Valeria (opcional).</p>
<p>NECESARIA RESERVA, PLAZAS LIMITADAS.</p>
<p>Puedes reservar por Whatsapp en el 627190409 o en el correo albacete@turismobotanico.es</p>
<p><a href="https://turismobotanico.es/en/politica-de-cancelaciones/" target="_blank" rel="noopener">PUEDES CONSULTAR AQUÍ NUESTRA POLÍTICA COMPLETA DE CANCELACIONES</a></p>

<p>Senderismo interpretativo en torno a la Hoz del Júcar en Valdeganga de Cuenca 10 de mayo de 2026 Salida de Albacete desde la fuente del parque (Avenida de España) a [&hellip;]</p>

<!-- This site is optimized with the Yoast SEO plugin v27.4 - https://yoast.com/product/yoast-seo-wordpress/ -->
<title>ALBACETE: El descanso del Júcar | Entre la Serranía y La Mancha - Turismo Botánico</title>
<meta name="robots" content="index, follow, max-snippet:-1, max-image-preview:large, max-video-preview:-1" />
<link rel="canonical" href="https://turismobotanico.es/en/albacete-descanso-del-jucar/" />
<meta property="og:locale" content="en_US" />
<meta property="og:type" content="article" />
<meta property="og:title" content="ALBACETE: El descanso del Júcar | Entre la Serranía y La Mancha - Turismo Botánico" />
<meta property="og:description" content="Senderismo interpretativo en torno a la Hoz del Júcar en Valdeganga de Cuenca 10 de mayo de 2026 Salida de Albacete desde la fuente del parque (Avenida de España) a [&hellip;]" />
<meta property="og:url" content="https://turismobotanico.es/en/albacete-descanso-del-jucar/" />
<meta property="og:site_name" content="Turismo Botánico" />
<meta property="article:modified_time" content="2026-04-23T18:12:21+00:00" />
<meta property="og:image" content="https://turismobotanico.es/wp-content/uploads/2026/04/Cartel-Jucar-medio-1024x1024.png" />
	<meta property="og:image:width" content="1024" />
	<meta property="og:image:height" content="1024" />
	<meta property="og:image:type" content="image/png" />
<meta name="twitter:card" content="summary_large_image" />
<meta name="twitter:label1" content="Est. reading time" />
	<meta name="twitter:data1" content="1 minute" />
<script type="application/ld+json" class="yoast-schema-graph">{"@context":"https:\/\/schema.org","@graph":[{"@type":"WebPage","@id":"https:\/\/turismobotanico.es\/albacete-descanso-del-jucar\/","url":"https:\/\/turismobotanico.es\/albacete-descanso-del-jucar\/","name":"ALBACETE: El descanso del Júcar | Entre la Serranía y La Mancha - Turismo Botánico","isPartOf":{"@id":"https:\/\/turismobotanico.es\/#website"},"primaryImageOfPage":{"@id":"https:\/\/turismobotanico.es\/albacete-descanso-del-jucar\/#primaryimage"},"image":{"@id":"https:\/\/turismobotanico.es\/albacete-descanso-del-jucar\/#primaryimage"},"thumbnailUrl":"https:\/\/turismobotanico.es\/wp-content\/uploads\/2026\/04\/Cartel-Jucar-medio.png","datePublished":"2026-04-23T17:59:53+00:00","dateModified":"2026-04-23T18:12:21+00:00","breadcrumb":{"@id":"https:\/\/turismobotanico.es\/albacete-descanso-del-jucar\/#breadcrumb"},"inLanguage":"en-US","potentialAction":[{"@type":"ReadAction","target":["https:\/\/turismobotanico.es\/albacete-descanso-del-jucar\/"]}]},{"@type":"ImageObject","inLanguage":"en-US","@id":"https:\/\/turismobotanico.es\/albacete-descanso-del-jucar\/#primaryimage","url":"https:\/\/turismobotanico.es\/wp-content\/uploads\/2026\/04\/Cartel-Jucar-medio.png","contentUrl":"https:\/\/turismobotanico.es\/wp-content\/uploads\/2026\/04\/Cartel-Jucar-medio.png","width":2480,"height":2292},{"@type":"BreadcrumbList","@id":"https:\/\/turismobotanico.es\/albacete-descanso-del-jucar\/#breadcrumb","itemListElement":[{"@type":"ListItem","position":1,"name":"Portada","item":"https:\/\/turismobotanico.es\/"},{"@type":"ListItem","position":2,"name":"Tienda","item":"https:\/\/turismobotanico.es\/tienda\/"},{"@type":"ListItem","position":3,"name":"ALBACETE: El descanso del Júcar | Entre la Serranía y La Mancha"}]},{"@type":"WebSite","@id":"https:\/\/turismobotanico.es\/#website","url":"https:\/\/turismobotanico.es\/","name":"Turismo Botánico","description":"Turismo de naturaleza","potentialAction":[{"@type":"SearchAction","target":{"@type":"EntryPoint","urlTemplate":"https:\/\/turismobotanico.es\/?s={search_term_string}"},"query-input":{"@type":"PropertyValueSpecification","valueRequired":true,"valueName":"search_term_string"}}],"inLanguage":"en-US"}]}</script>
<!-- / Yoast SEO plugin. -->

ALBACETE: El descanso del Júcar | Entre la Serranía y La Mancha - Turismo Botánico

Senderismo interpretativo en torno a la Hoz del Júcar en Valdeganga de Cuenca 10 de mayo de 2026 Salida de Albacete desde la fuente del parque (Avenida de España) a [&hellip;]

Turismo Botánico

ALBACETE: El descanso del Júcar | Entre la Serranía y La Mancha
