{"id":21059,"date":"2026-09-02T10:35:31","date_gmt":"2026-09-02T10:35:31","guid":{"rendered":"https:\/\/turismobotanico.es\/?post_type=product&#038;p=21059"},"modified":"2026-09-02T10:52:26","modified_gmt":"2026-09-02T10:52:26","slug":"murcia-madronos-en-burete-20-de-septiembre","status":"publish","type":"product","link":"https:\/\/turismobotanico.es\/en\/murcia-madronos-en-burete-20-de-septiembre\/","title":{"rendered":"MURCIA: Madro\u00f1os en Burete &#8211; 20 de septiembre"},"content":{"rendered":"<h2 data-path-to-node=\"2\"><span style=\"font-size: 12pt;\"><b data-path-to-node=\"2\" data-index-in-node=\"0\">Madro\u00f1os en Burete<\/b><\/span><\/h2>\n<p><span style=\"color: #800000;\"><em>12 km| Dificultad f\u00e1cil &#8211; media | Desnivel 250 m<\/em><\/span><\/p>\n<p><span style=\"color: #800000;\"><em>20 de septiembre| Murcia-Biblioteca Regional &#8211; 8:00hs <\/em><\/span><\/p>\n<p><span style=\"color: #800000;\"><em>Regreso a Murcia aproximado: 18:00-18:30<\/em><\/span><\/p>\n<p data-path-to-node=\"4\">Casi en el centro geogr\u00e1fico de la Regi\u00f3n de Murcia se haya una de las sierras menos conocidas de la naturaleza murciana. Iremos a recorrer la Sierra de Burete para conocer sus secretos florales y naturales.<\/p>\n<p>Bus desde Murcia, gu\u00edas cualificados y seguros.<\/p>\n<p><span style=\"color: #800000;\">Coste: 29\u20ac<\/span><\/p>\n<p>Reservaremos la comida (no incluida) para quien quiera comer con el grupo. Quien no, siempre podr\u00e1 llevar su propia comida.<\/p>\n<p>NECESARIA RESERVA, PLAZAS LIMITADAS.<\/p>\n<p>Puedes reservar por WhatsApp en el 615674846 o en el correo contacto@turismobotanico.es<\/p>\n<p><a href=\"https:\/\/turismobotanico.es\/en\/politica-de-cancelaciones\/\" target=\"_blank\" rel=\"noopener\">CONSULTA AQU\u00cd NUESTRA POL\u00cdTICA COMPLETA DE CANCELACIONES<\/a><\/p>","protected":false},"excerpt":{"rendered":"<h2 data-path-to-node=\"2\"><b data-path-to-node=\"2\" data-index-in-node=\"0\">Madro\u00f1os en Burete<\/b><\/h2>\n<p><em>12 km| Dificultad f\u00e1cil &#8211; media | Desnivel 250 m<\/em><\/p>\n<p><em>20 de septiembre| Murcia-Biblioteca Regional &#8211; 8:00hs <\/em><\/p>\n<p><em>Regreso a Murcia aproximado: 18:00-18:30<\/em><\/p>\n<p data-path-to-node=\"4\">Casi en el centro geogr\u00e1fico de la Regi\u00f3n de Murcia se haya una de las sierras menos conocidas de la naturaleza murciana. Iremos a recorrer la Sierra de Burete para conocer sus secretos florales y naturales.<\/p>\n<p>Bus desde Murcia, gu\u00edas cualificados y seguros.<\/p>\n<p>Coste: 29\u20ac<\/p>\n<p>Reservaremos la comida (no incluida) para quien quiera comer con el grupo. Quien no, siempre podr\u00e1 llevar su propia comida.<\/p>\n<p>NECESARIA RESERVA, PLAZAS LIMITADAS.<\/p>\n<p>Puedes reservar por WhatsApp en el 615674846 o en el correo contacto@turismobotanico.es<\/p>\n<p><a href=\"https:\/\/turismobotanico.es\/en\/politica-de-cancelaciones\/\" target=\"_blank\" rel=\"noopener\">CONSULTA AQU\u00cd NUESTRA POL\u00cdTICA COMPLETA DE CANCELACIONES<\/a><\/p>","protected":false},"featured_media":21060,"comment_status":"closed","ping_status":"closed","template":"","meta":[],"product_brand":[],"product_cat":[60,53,131],"product_tag":[],"class_list":["post-21059","product","type-product","status-publish","has-post-thumbnail","product_cat-excursiones-y-actividades-de-un-dia","product_cat-murcia","product_cat-senderismo","first","instock","virtual","purchasable","product-type-simple"],"yoast_head":"<!-- This site is optimized with the Yoast SEO plugin v28.4 - https:\/\/yoast.com\/product\/yoast-seo-wordpress\/ -->\n<title>MURCIA: Madro\u00f1os en Burete - 20 de septiembre - Turismo Bot\u00e1nico<\/title>\n<meta name=\"description\" content=\"Casi en el centro geogr\u00e1fico de la Regi\u00f3n se haya una de las sierras m\u00e1s desconocidas. La Sierra de Burete ser\u00e1 la protagonista.\" \/>\n<meta name=\"robots\" content=\"index, follow, max-snippet:-1, max-image-preview:large, max-video-preview:-1\" \/>\n<link rel=\"canonical\" href=\"https:\/\/turismobotanico.es\/en\/murcia-madronos-en-burete-20-de-septiembre\/\" \/>\n<meta property=\"og:locale\" content=\"en_US\" \/>\n<meta property=\"og:type\" content=\"article\" \/>\n<meta property=\"og:title\" content=\"MURCIA: Madro\u00f1os en Burete - 20 de septiembre - Turismo Bot\u00e1nico\" \/>\n<meta property=\"og:description\" content=\"Casi en el centro geogr\u00e1fico de la Regi\u00f3n se haya una de las sierras m\u00e1s desconocidas. La Sierra de Burete ser\u00e1 la protagonista.\" \/>\n<meta property=\"og:url\" content=\"https:\/\/turismobotanico.es\/en\/murcia-madronos-en-burete-20-de-septiembre\/\" \/>\n<meta property=\"og:site_name\" content=\"Turismo Bot\u00e1nico\" \/>\n<meta property=\"article:modified_time\" content=\"2026-09-02T10:52:26+00:00\" \/>\n<meta property=\"og:image\" content=\"https:\/\/turismobotanico.es\/wp-content\/uploads\/2026\/09\/Burete_200926.jpg\" \/>\n\t<meta property=\"og:image:width\" content=\"2480\" \/>\n\t<meta property=\"og:image:height\" content=\"2292\" \/>\n\t<meta property=\"og:image:type\" content=\"image\/jpeg\" \/>\n<meta name=\"twitter:card\" content=\"summary_large_image\" \/>\n<meta name=\"twitter:label1\" content=\"Est. reading time\" \/>\n\t<meta name=\"twitter:data1\" content=\"1 minute\" \/>\n<script type=\"application\/ld+json\" class=\"yoast-schema-graph\">{\"@context\":\"https:\\\/\\\/schema.org\",\"@graph\":[{\"@type\":\"WebPage\",\"@id\":\"https:\\\/\\\/turismobotanico.es\\\/murcia-madronos-en-burete-20-de-septiembre\\\/\",\"url\":\"https:\\\/\\\/turismobotanico.es\\\/murcia-madronos-en-burete-20-de-septiembre\\\/\",\"name\":\"MURCIA: Madro\u00f1os en Burete - 20 de septiembre - Turismo Bot\u00e1nico\",\"isPartOf\":{\"@id\":\"https:\\\/\\\/turismobotanico.es\\\/#website\"},\"primaryImageOfPage\":{\"@id\":\"https:\\\/\\\/turismobotanico.es\\\/murcia-madronos-en-burete-20-de-septiembre\\\/#primaryimage\"},\"image\":{\"@id\":\"https:\\\/\\\/turismobotanico.es\\\/murcia-madronos-en-burete-20-de-septiembre\\\/#primaryimage\"},\"thumbnailUrl\":\"https:\\\/\\\/turismobotanico.es\\\/wp-content\\\/uploads\\\/2026\\\/09\\\/Burete_200926.jpg\",\"datePublished\":\"2026-09-02T10:35:31+00:00\",\"dateModified\":\"2026-09-02T10:52:26+00:00\",\"description\":\"Casi en el centro geogr\u00e1fico de la Regi\u00f3n se haya una de las sierras m\u00e1s desconocidas. La Sierra de Burete ser\u00e1 la protagonista.\",\"breadcrumb\":{\"@id\":\"https:\\\/\\\/turismobotanico.es\\\/murcia-madronos-en-burete-20-de-septiembre\\\/#breadcrumb\"},\"inLanguage\":\"en-US\",\"potentialAction\":[{\"@type\":\"ReadAction\",\"target\":[\"https:\\\/\\\/turismobotanico.es\\\/murcia-madronos-en-burete-20-de-septiembre\\\/\"]}]},{\"@type\":\"ImageObject\",\"inLanguage\":\"en-US\",\"@id\":\"https:\\\/\\\/turismobotanico.es\\\/murcia-madronos-en-burete-20-de-septiembre\\\/#primaryimage\",\"url\":\"https:\\\/\\\/turismobotanico.es\\\/wp-content\\\/uploads\\\/2026\\\/09\\\/Burete_200926.jpg\",\"contentUrl\":\"https:\\\/\\\/turismobotanico.es\\\/wp-content\\\/uploads\\\/2026\\\/09\\\/Burete_200926.jpg\",\"width\":2480,\"height\":2292},{\"@type\":\"BreadcrumbList\",\"@id\":\"https:\\\/\\\/turismobotanico.es\\\/murcia-madronos-en-burete-20-de-septiembre\\\/#breadcrumb\",\"itemListElement\":[{\"@type\":\"ListItem\",\"position\":1,\"name\":\"Portada\",\"item\":\"https:\\\/\\\/turismobotanico.es\\\/\"},{\"@type\":\"ListItem\",\"position\":2,\"name\":\"Tienda\",\"item\":\"https:\\\/\\\/turismobotanico.es\\\/tienda\\\/\"},{\"@type\":\"ListItem\",\"position\":3,\"name\":\"MURCIA: Madro\u00f1os en Burete &#8211; 20 de septiembre\"}]},{\"@type\":\"WebSite\",\"@id\":\"https:\\\/\\\/turismobotanico.es\\\/#website\",\"url\":\"https:\\\/\\\/turismobotanico.es\\\/\",\"name\":\"Turismo Bot\u00e1nico\",\"description\":\"Turismo de naturaleza\",\"potentialAction\":[{\"@type\":\"SearchAction\",\"target\":{\"@type\":\"EntryPoint\",\"urlTemplate\":\"https:\\\/\\\/turismobotanico.es\\\/?s={search_term_string}\"},\"query-input\":{\"@type\":\"PropertyValueSpecification\",\"valueRequired\":true,\"valueName\":\"search_term_string\"}}],\"inLanguage\":\"en-US\"}]}<\/script>\n<!-- \/ Yoast SEO plugin. -->","yoast_head_json":{"title":"MURCIA: Madro\u00f1os en Burete - 20 de septiembre - Turismo Bot\u00e1nico","description":"Casi en el centro geogr\u00e1fico de la Regi\u00f3n se haya una de las sierras m\u00e1s desconocidas. La Sierra de Burete ser\u00e1 la protagonista.","robots":{"index":"index","follow":"follow","max-snippet":"max-snippet:-1","max-image-preview":"max-image-preview:large","max-video-preview":"max-video-preview:-1"},"canonical":"https:\/\/turismobotanico.es\/en\/murcia-madronos-en-burete-20-de-septiembre\/","og_locale":"en_US","og_type":"article","og_title":"MURCIA: Madro\u00f1os en Burete - 20 de septiembre - Turismo Bot\u00e1nico","og_description":"Casi en el centro geogr\u00e1fico de la Regi\u00f3n se haya una de las sierras m\u00e1s desconocidas. La Sierra de Burete ser\u00e1 la protagonista.","og_url":"https:\/\/turismobotanico.es\/en\/murcia-madronos-en-burete-20-de-septiembre\/","og_site_name":"Turismo Bot\u00e1nico","article_modified_time":"2026-09-02T10:52:26+00:00","og_image":[{"width":2480,"height":2292,"url":"https:\/\/turismobotanico.es\/wp-content\/uploads\/2026\/09\/Burete_200926.jpg","type":"image\/jpeg"}],"twitter_card":"summary_large_image","twitter_misc":{"Est. reading time":"1 minute"},"schema":{"@context":"https:\/\/schema.org","@graph":[{"@type":"WebPage","@id":"https:\/\/turismobotanico.es\/murcia-madronos-en-burete-20-de-septiembre\/","url":"https:\/\/turismobotanico.es\/murcia-madronos-en-burete-20-de-septiembre\/","name":"MURCIA: Madro\u00f1os en Burete - 20 de septiembre - Turismo Bot\u00e1nico","isPartOf":{"@id":"https:\/\/turismobotanico.es\/#website"},"primaryImageOfPage":{"@id":"https:\/\/turismobotanico.es\/murcia-madronos-en-burete-20-de-septiembre\/#primaryimage"},"image":{"@id":"https:\/\/turismobotanico.es\/murcia-madronos-en-burete-20-de-septiembre\/#primaryimage"},"thumbnailUrl":"https:\/\/turismobotanico.es\/wp-content\/uploads\/2026\/09\/Burete_200926.jpg","datePublished":"2026-09-02T10:35:31+00:00","dateModified":"2026-09-02T10:52:26+00:00","description":"Casi en el centro geogr\u00e1fico de la Regi\u00f3n se haya una de las sierras m\u00e1s desconocidas. La Sierra de Burete ser\u00e1 la protagonista.","breadcrumb":{"@id":"https:\/\/turismobotanico.es\/murcia-madronos-en-burete-20-de-septiembre\/#breadcrumb"},"inLanguage":"en-US","potentialAction":[{"@type":"ReadAction","target":["https:\/\/turismobotanico.es\/murcia-madronos-en-burete-20-de-septiembre\/"]}]},{"@type":"ImageObject","inLanguage":"en-US","@id":"https:\/\/turismobotanico.es\/murcia-madronos-en-burete-20-de-septiembre\/#primaryimage","url":"https:\/\/turismobotanico.es\/wp-content\/uploads\/2026\/09\/Burete_200926.jpg","contentUrl":"https:\/\/turismobotanico.es\/wp-content\/uploads\/2026\/09\/Burete_200926.jpg","width":2480,"height":2292},{"@type":"BreadcrumbList","@id":"https:\/\/turismobotanico.es\/murcia-madronos-en-burete-20-de-septiembre\/#breadcrumb","itemListElement":[{"@type":"ListItem","position":1,"name":"Portada","item":"https:\/\/turismobotanico.es\/"},{"@type":"ListItem","position":2,"name":"Tienda","item":"https:\/\/turismobotanico.es\/tienda\/"},{"@type":"ListItem","position":3,"name":"MURCIA: Madro\u00f1os en Burete &#8211; 20 de septiembre"}]},{"@type":"WebSite","@id":"https:\/\/turismobotanico.es\/#website","url":"https:\/\/turismobotanico.es\/","name":"Turismo Bot\u00e1nico","description":"Turismo de naturaleza","potentialAction":[{"@type":"SearchAction","target":{"@type":"EntryPoint","urlTemplate":"https:\/\/turismobotanico.es\/?s={search_term_string}"},"query-input":{"@type":"PropertyValueSpecification","valueRequired":true,"valueName":"search_term_string"}}],"inLanguage":"en-US"}]}},"_links":{"self":[{"href":"https:\/\/turismobotanico.es\/en\/wp-json\/wp\/v2\/product\/21059","targetHints":{"allow":["GET"]}}],"collection":[{"href":"https:\/\/turismobotanico.es\/en\/wp-json\/wp\/v2\/product"}],"about":[{"href":"https:\/\/turismobotanico.es\/en\/wp-json\/wp\/v2\/types\/product"}],"replies":[{"embeddable":true,"href":"https:\/\/turismobotanico.es\/en\/wp-json\/wp\/v2\/comments?post=21059"}],"version-history":[{"count":2,"href":"https:\/\/turismobotanico.es\/en\/wp-json\/wp\/v2\/product\/21059\/revisions"}],"predecessor-version":[{"id":21062,"href":"https:\/\/turismobotanico.es\/en\/wp-json\/wp\/v2\/product\/21059\/revisions\/21062"}],"wp:featuredmedia":[{"embeddable":true,"href":"https:\/\/turismobotanico.es\/en\/wp-json\/wp\/v2\/media\/21060"}],"wp:attachment":[{"href":"https:\/\/turismobotanico.es\/en\/wp-json\/wp\/v2\/media?parent=21059"}],"wp:term":[{"taxonomy":"product_brand","embeddable":true,"href":"https:\/\/turismobotanico.es\/en\/wp-json\/wp\/v2\/product_brand?post=21059"},{"taxonomy":"product_cat","embeddable":true,"href":"https:\/\/turismobotanico.es\/en\/wp-json\/wp\/v2\/product_cat?post=21059"},{"taxonomy":"product_tag","embeddable":true,"href":"https:\/\/turismobotanico.es\/en\/wp-json\/wp\/v2\/product_tag?post=21059"}],"curies":[{"name":"wp","href":"https:\/\/api.w.org\/{rel}","templated":true}]}}

MURCIA: Madroños en Burete &#8211; 20 de septiembre

<h2 data-path-to-node="2"><span style="font-size: 12pt;"><b data-path-to-node="2" data-index-in-node="0">Madroños en Burete</b></span></h2>
<p><span style="color: #800000;"><em>12 km| Dificultad fácil &#8211; media | Desnivel 250 m</em></span></p>
<p><span style="color: #800000;"><em>20 de septiembre| Murcia-Biblioteca Regional &#8211; 8:00hs </em></span></p>
<p><span style="color: #800000;"><em>Regreso a Murcia aproximado: 18:00-18:30</em></span></p>
<p data-path-to-node="4">Casi en el centro geográfico de la Región de Murcia se haya una de las sierras menos conocidas de la naturaleza murciana. Iremos a recorrer la Sierra de Burete para conocer sus secretos florales y naturales.</p>
<p>Bus desde Murcia, guías cualificados y seguros.</p>
<p><span style="color: #800000;">Coste: 29€</span></p>
<p>Reservaremos la comida (no incluida) para quien quiera comer con el grupo. Quien no, siempre podrá llevar su propia comida.</p>
<p>NECESARIA RESERVA, PLAZAS LIMITADAS.</p>
<p>Puedes reservar por WhatsApp en el 615674846 o en el correo contacto@turismobotanico.es</p>
<p><a href="https://turismobotanico.es/en/politica-de-cancelaciones/" target="_blank" rel="noopener">CONSULTA AQUÍ NUESTRA POLÍTICA COMPLETA DE CANCELACIONES</a></p>

<h2 data-path-to-node="2"><b data-path-to-node="2" data-index-in-node="0">Madroños en Burete</b></h2>
<p><em>12 km| Dificultad fácil &#8211; media | Desnivel 250 m</em></p>
<p><em>20 de septiembre| Murcia-Biblioteca Regional &#8211; 8:00hs </em></p>
<p><em>Regreso a Murcia aproximado: 18:00-18:30</em></p>
<p data-path-to-node="4">Casi en el centro geográfico de la Región de Murcia se haya una de las sierras menos conocidas de la naturaleza murciana. Iremos a recorrer la Sierra de Burete para conocer sus secretos florales y naturales.</p>
<p>Bus desde Murcia, guías cualificados y seguros.</p>
<p>Coste: 29€</p>
<p>Reservaremos la comida (no incluida) para quien quiera comer con el grupo. Quien no, siempre podrá llevar su propia comida.</p>
<p>NECESARIA RESERVA, PLAZAS LIMITADAS.</p>
<p>Puedes reservar por WhatsApp en el 615674846 o en el correo contacto@turismobotanico.es</p>
<p><a href="https://turismobotanico.es/en/politica-de-cancelaciones/" target="_blank" rel="noopener">CONSULTA AQUÍ NUESTRA POLÍTICA COMPLETA DE CANCELACIONES</a></p>

<!-- This site is optimized with the Yoast SEO plugin v28.4 - https://yoast.com/product/yoast-seo-wordpress/ -->
<title>MURCIA: Madroños en Burete - 20 de septiembre - Turismo Botánico</title>
<meta name="description" content="Casi en el centro geográfico de la Región se haya una de las sierras más desconocidas. La Sierra de Burete será la protagonista." />
<meta name="robots" content="index, follow, max-snippet:-1, max-image-preview:large, max-video-preview:-1" />
<link rel="canonical" href="https://turismobotanico.es/en/murcia-madronos-en-burete-20-de-septiembre/" />
<meta property="og:locale" content="en_US" />
<meta property="og:type" content="article" />
<meta property="og:title" content="MURCIA: Madroños en Burete - 20 de septiembre - Turismo Botánico" />
<meta property="og:description" content="Casi en el centro geográfico de la Región se haya una de las sierras más desconocidas. La Sierra de Burete será la protagonista." />
<meta property="og:url" content="https://turismobotanico.es/en/murcia-madronos-en-burete-20-de-septiembre/" />
<meta property="og:site_name" content="Turismo Botánico" />
<meta property="article:modified_time" content="2026-09-02T10:52:26+00:00" />
<meta property="og:image" content="https://turismobotanico.es/wp-content/uploads/2026/09/Burete_200926.jpg" />
	<meta property="og:image:width" content="2480" />
	<meta property="og:image:height" content="2292" />
	<meta property="og:image:type" content="image/jpeg" />
<meta name="twitter:card" content="summary_large_image" />
<meta name="twitter:label1" content="Est. reading time" />
	<meta name="twitter:data1" content="1 minute" />
<script type="application/ld+json" class="yoast-schema-graph">{"@context":"https:\/\/schema.org","@graph":[{"@type":"WebPage","@id":"https:\/\/turismobotanico.es\/murcia-madronos-en-burete-20-de-septiembre\/","url":"https:\/\/turismobotanico.es\/murcia-madronos-en-burete-20-de-septiembre\/","name":"MURCIA: Madroños en Burete - 20 de septiembre - Turismo Botánico","isPartOf":{"@id":"https:\/\/turismobotanico.es\/#website"},"primaryImageOfPage":{"@id":"https:\/\/turismobotanico.es\/murcia-madronos-en-burete-20-de-septiembre\/#primaryimage"},"image":{"@id":"https:\/\/turismobotanico.es\/murcia-madronos-en-burete-20-de-septiembre\/#primaryimage"},"thumbnailUrl":"https:\/\/turismobotanico.es\/wp-content\/uploads\/2026\/09\/Burete_200926.jpg","datePublished":"2026-09-02T10:35:31+00:00","dateModified":"2026-09-02T10:52:26+00:00","description":"Casi en el centro geográfico de la Región se haya una de las sierras más desconocidas. La Sierra de Burete será la protagonista.","breadcrumb":{"@id":"https:\/\/turismobotanico.es\/murcia-madronos-en-burete-20-de-septiembre\/#breadcrumb"},"inLanguage":"en-US","potentialAction":[{"@type":"ReadAction","target":["https:\/\/turismobotanico.es\/murcia-madronos-en-burete-20-de-septiembre\/"]}]},{"@type":"ImageObject","inLanguage":"en-US","@id":"https:\/\/turismobotanico.es\/murcia-madronos-en-burete-20-de-septiembre\/#primaryimage","url":"https:\/\/turismobotanico.es\/wp-content\/uploads\/2026\/09\/Burete_200926.jpg","contentUrl":"https:\/\/turismobotanico.es\/wp-content\/uploads\/2026\/09\/Burete_200926.jpg","width":2480,"height":2292},{"@type":"BreadcrumbList","@id":"https:\/\/turismobotanico.es\/murcia-madronos-en-burete-20-de-septiembre\/#breadcrumb","itemListElement":[{"@type":"ListItem","position":1,"name":"Portada","item":"https:\/\/turismobotanico.es\/"},{"@type":"ListItem","position":2,"name":"Tienda","item":"https:\/\/turismobotanico.es\/tienda\/"},{"@type":"ListItem","position":3,"name":"MURCIA: Madroños en Burete &#8211; 20 de septiembre"}]},{"@type":"WebSite","@id":"https:\/\/turismobotanico.es\/#website","url":"https:\/\/turismobotanico.es\/","name":"Turismo Botánico","description":"Turismo de naturaleza","potentialAction":[{"@type":"SearchAction","target":{"@type":"EntryPoint","urlTemplate":"https:\/\/turismobotanico.es\/?s={search_term_string}"},"query-input":{"@type":"PropertyValueSpecification","valueRequired":true,"valueName":"search_term_string"}}],"inLanguage":"en-US"}]}</script>
<!-- / Yoast SEO plugin. -->

MURCIA: Madroños en Burete - 20 de septiembre - Turismo Botánico

Casi en el centro geográfico de la Región se haya una de las sierras más desconocidas. La Sierra de Burete será la protagonista.

Turismo Botánico
